**3/3 - n**2/2 - n + 1. What is z(a)?
-16
Let h(v) be the third derivative of -1/6*v**4 + 1/3*v**3 - 60*v**2 + 0 + v. Give h(-7).
30
Let p(v) = -15 + 466*v**2 - 13*v - 229*v**2 - 235*v**2 - v + 5*v. Give p(-3).
30
Let s(j) = -32*j + 68. Suppose 308*z + 30 = 323*z. Give s(z).
4
Let w(t) = 17*t. Let s = -1095 + 1097. Calculate w(s).
34
Let y = -236 - -236. Let z(r) = y*r + 2 - 6*r + 7*r - 4*r. Determine z(6).
-16
Let r = 38819 - 38808. Let n(m) = -m**2 + 16*m - 33. Determine n(r).
22
Let g(c) = c - 2. Let w = 24 - 27. Let r(o) = -42*o - 116. Let i be r(w). What is g(i)?
8
Let s = 983 - 998. Let n(x) = x**2 + 16*x - 18. Calculate n(s).
-33
Let s(z) be the first derivative of -z**4/2 - 4*z**3/3 - 2*z**2 - 7*z + 33. Let t be s(-4). Let u = t - 69. Let w(i) = -7*i + 2. What is w(u)?
-26
Let x(i) = 4*i**3 - 17*i**2 + 9. Let v be x(4). Let f(o) = 5*o**2 - 43*o + 19. Let k(h) = 2*h**2 - 20*h + 9. Let q(r) = v*k(r) + 3*f(r). Determine q(-12).
6
Let a be (4/(-3) + -2)*3. Let g(x) = 1. Let r(o) = 11*o + 37. Let m(j) = 7*j + 25. Let k(c) = 8*m(c) - 5*r(c). Let f(h) = 3*g(h) - k(h). Calculate f(a).
-2
Let s(d) be the first derivative of -7/2*d**2 + 7/6*d**3 - 8 + 15*d - 1/12*d**4. Let n(j) be the first derivative of s(j). Give n(5).
3
Let w(q) be the second derivative of -q**4/12 + 5*q**3/6 - q**2/2 - q. Let l = -62264 - -62267. What is w(l)?
5
Let b = -738 - -743. Let p(n) = 1 + 2*n - 3 + 4 - 3. What is p(b)?
9
Let f(r) = -7*r**2 - 2. Suppose 4 = 2*g - 3*i, 2*g - i - 8 = i. Suppose 0 = -w - 10 + g. Calculate f(w).
-30
Let j(n) be the third derivative of n**9/15120 + n**8/10080 - n**7/5040 + 73*n**5/60 - 69*n**2. Let o(p) be the third derivative of j(p). Determine o(1).
5
Let h(a) = 14 + 0*a - a + 0*a - 11. Suppose 4*y = 2*t - 20, -1 = -4*t - 2*y - 3*y. Suppose 13 = t*u + 1. Calculate h(u).
0
Let s(k) = 4*k - 2. Suppose c - 24 = -4*y, -4*y = -4*c - 7*y + 83. Suppose 5*m = 3*z + 25 - c, m - 19 = -3*z. Determine s(z).
18
Let s(w) be the second derivative of -w**3 + 44*w**2 + 3806*w. What is s(13)?
10
Let b(n) be the second derivative of -n**4/12 + 13*n**3/6 - 10*n**2 + 147*n. Let c be b(2). Let w(v) = v**2 + 3*v - 2. Give w(c).
8
Let f(r) be the third derivative of -14*r**2 - 7/60*r**5 + 0*r + 0 - 1/3*r**3 - 1/120*r**6 - 7/24*r**4. What is f(-5)?
-17
Let g(s) be the first derivative of -s + 1/2*s**2 + 1/4*s**4 + 2/3*s**3 + 119. Determine g(-3).
-13
Let k(g) = 3*g**2 + 3*g + 4. Let x be k(-4). Let z = x + -6. Let q(v) = 40*v**2 - z*v**2 - 1 + 0*v - v. What is q(-1)?
6
Let s(d) = 2*d**2 + 53*d - 22. Let w be -15*(2/(-5)*32/64 - -2). Give s(w).
5
Let d(m) = 39*m**2 - 6*m - 4. Let p be d(3). Let q = 327 - p. Let u(a) = a + 5. What is u(q)?
3
Let n(f) be the first derivative of 1/2*f**2 - 5/4*f**4 + 217 + 2/3*f**3 + f. Determine n(-2).
47
Let g be ((-54)/15)/(12/(-30)). Let h(i) = -12*i - 8 - 3 + g*i + 3. Determine h(-8).
16
Let x be ((-204)/(-85))/((-6)/(-100)). Suppose -43*y + 3 = -x*y. Let c(t) = 21*t**3 - 2*t**2 + t. Give c(y).
20
Let p(c) = -4*c - c**2 + 11 - 1 - 5 - 2 - 5. Let s(y) = -y**3 + 8*y**2 - 3*y - 31. Let j be s(7). Calculate p(j).
1
Suppose 0 = j + 3, 7*j - 2*j = -s - 10. Let i(q) = q**3 - 3*q**2 - 11*q + 12. Give i(s).
7
Suppose 2*h + 4*z = 3*z + 31, -2*z = 3*h - 46. Let i(r) = 5*r - 7 - 5 - r**2 + h. Suppose d - 6*d - 4*l = -14, 4*d = -l + 20. Calculate i(d).
-2
Let f(n) = -14*n - 62. Let i(k) = k**3 - 25*k**2 - 123*k + 1089. Let v be i(28). What is f(v)?
-20
Let a(n) = 2*n**3 - n**2 - 25*n - 9. Let s(l) = -2*l**2 + 20*l + 6. Let b be s(10). Let w(g) = g**3 - g**2 - 13*g - 5. Let z(j) = b*a(j) - 11*w(j). Give z(-6).
7
Let y(h) be the second derivative of h**4/12 + 4*h**3 - 79*h**2/2 + 6*h - 260. Determine y(-27).
2
Let n(c) = 3*c - 25. Let f = -428 + 431. Suppose -o - 12*h = -8*h + 6, 38 = 5*o + f*h. Give n(o).
5
Suppose -3*b - q - 22 + 10 = 0, 0 = q - 3. Let p(g) = g**3 + 4*g**2 - 8*g - 24. Calculate p(b).
-9
Let u(y) = -10*y - 14. Let c(g) = -2*g - 3. Suppose -40*r = -42*r + 4. Let s(v) = r*u(v) - 11*c(v). Let b be (-2)/(-4)*(-25)/10*4. Determine s(b).
-5
Let t(g) = 4*g + 5 + 17 - 5*g. Let j = -37 + 38. Let b be (-1 + j)/(0 - -3). Determine t(b).
22
Let u(y) be the second derivative of -y**4/12 - 5*y**3/6 - y**2/2 + y. Let f be 540/1*(15 - 47/3). Let p be 2 - ((-6)/(-8))/((-54)/f). Calculate u(p).
5
Let p(x) be the third derivative of -x**4/2 - 7*x**3/6 - 2116*x**2. Give p(1).
-19
Let l(w) = -7*w + 2. Let k be l(0). Let v(r) = -7*r - 6*r**2 + 14*r**k - 10 - 7*r**2 + 15*r. Calculate v(-9).
-1
Let g(u) be the third derivative of 23*u**4/24 - 137*u**3/6 + 3751*u**2. Give g(6).
1
Let y = -108 + 108. Suppose 0 - 7 = -z. Let f(o) = -3*o + z*o - 3*o + 7. Determine f(y).
7
Let j(b) = b + 8. Let q be j(-3). Suppose -2*m + 2*k + 8 = -2*k, -m = q*k - 18. Suppose 29 = -m*a - 19. Let t(w) = -w - 7. Give t(a).
-1
Let c(u) be the second derivative of 1/6*u**3 + 1/6*u**4 - 2*u - 1 - 2*u**2 - 1/20*u**5. Let d = 4 - 1. Determine c(d).
-10
Let b(j) = -116 - 2728*j + 900*j + 911*j + 905*j. Calculate b(-9).
-8
Let d be 8/(24/21) - 1. Let h be (12 + -16)/(d/(-9) + 0). Let x(g) = 3*g - 14 - 6*g + 4*g. What is x(h)?
-8
Suppose 3*r - 4*z = -14, 2*r + z + 25 = -2*r. Suppose -4*n + 54 = 2*n. Let d(b) = -3*b + b**3 + 24 - 12 - n + 5*b**2. Calculate d(r).
-15
Let x(i) be the third derivative of 0*i - 42*i**2 + 0 - 7/24*i**4 + 7/6*i**3 - 1/60*i**5. Calculate x(-6).
13
Suppose 3*s - 5 = 79. Let j = s - 23. Suppose j*r = 8*r - 9. Let q(a) = -a**3 + 3*a**2 + a. Determine q(r).
3
Let h(u) = u**3 + 9*u**2 + 7. Let d be h(-9). Let o(q) = q - 13 - d + 0 + 2. What is o(13)?
-5
Suppose -2*q = -20 + 16. Let w be (-29)/(-9) + 10/(-45). Let i(r) = -11 + 18 - 6 + 2*r - w*r. Determine i(q).
-1
Let o(u) = 0*u**2 + 0*u**2 + 4*u + 9*u**2 + 7*u - u**3. Suppose -6*n - 200 = -26*n. Calculate o(n).
10
Let f(w) be the second derivative of 122*w - 7/6*w**3 - 2 + 1/12*w**4 + 3*w**2. What is f(5)?
-4
Let h be (-4 + 6)*-131 - (-3 - 1). Let c = -262 - h. Let k(s) = -s**3 - 5*s**2 - s + 3. What is k(c)?
-9
Let y = 895/9 + -892/9. Let q(f) be the first derivative of y*f**3 + 3/2*f**2 - 3 + 2*f. Give q(-3).
2
Let u(w) be the third derivative of 0 + 1/30*w**5 - 1/24*w**4 + 0*w + 1/3*w**3 - 70*w**2. What is u(-2)?
12
Suppose 287*r + 318*r = 650*r - 270. Let y(g) be the third derivative of g**6/120 - 2*g**5/15 + 3*g**4/8 - 2*g**3/3 + 2*g**2. Determine y(r).
-22
Let z(q) be the third derivative of -q**4/4 - 5*q**3/6 + 4386*q**2. What is z(14)?
-89
Suppose -k + 26 = 4*w, -5*w - 52 + 81 = 3*k. Let j(b) = 76*b + 142. Give j(k).
-10
Let t(m) be the third derivative of -m**5/60 + m**4/3 + 5*m**3/3 + 9*m**2. Suppose -3*u + 9 = -2*r + 4*r, -2*u - 5*r + 6 = 0. Let n be (1/2)/(u/54). Give t(n).
1
Let n(i) be the first derivative of 3*i**2/2 - 98*i - 4506. What is n(29)?
-11
Let l(v) = v**2 - 4*v - 6. Let i = -640 + 634. Let u be (2 - (5 + -2))*i. What is l(u)?
6
Let i(x) = -1333*x - 1336*x + 44 + 2659*x. Give i(4).
4
Let h(o) = -o**3 + 21*o**2 + 14*o - 288. Let s be h(21). Let t(f) = -f**3 + 6*f**2 - 3*f + 4. Determine t(s).
-14
Let f(u) = -15*u**2 - 90*u + 242. Let y be f(-8). Let g(l) be the second derivative of 0 - 1/2*l**y - 1/6*l**3 - 20*l. Calculate g(5).
-6
Let x = -164 - -77. Let c = x - -90. Suppose u - 2*u + 7 = 3*r, -c*u - r + 13 = 0. Let l(p) = -p**2 + 2*p + 4. Determine l(u).
-4
Let k(t) = t**3 - 5*t**2 - 4*t - 2. Suppose 25 = 3*p + 16*r - 15*r, 1 = -p + r. Determine k(p).
10
Let w(m) be the second derivative of -m**4/12 + m**3/6 - m**2 + 1519*m. Let d(a) = a - 5. Let x be d(8). Suppose q - 3 = -x*i - 0*q, 5*i + 4*q = 12. Give w(i).
-2
Let g(c) = -42*c + 16*c + 10*c + c + 5*c**2 - 6 + 12*c. Calculate g(3).
30
Let i(c) be the second derivative of -7*c**3/3 - 3*c**2 - 169*c - 3. What is i(-3)?
36
Suppose 0 = -2*o - 5*t - 55, 0*o - 3*t = -5*o - 153. Let h = 32 + o. Let u(c) = c + 91*c**2 - 92*c**h + 3 - 2*c. Calculate u(-3).
-3
Suppose 3*j = 0, -y - 2*j = -4*y + 45. Let n(t) = 18 - t - 8 + 3*t - y. Give n(5).
5
Let b(w) be the third derivative of w**6/360 - w**5/15 - w**4/6 - w**3/3 - 79*w**2. Let k(v) be the first derivative of b(v). Calculate k(8).
-4
Let m(c) = 20*c + 505. Let v(t) = -19*t - 413. Let n(l) = -3*m(l) - 4*v(l). Determine n(-8).
9
Let w be 1 - -6*(-6)/18. Let y be (3/(-6) + 1)*(1 + 5).